uppose 0 = 6*z - 4*z - j - 22, -5*z + 5*j = -60. Suppose -4*y - z*y + 1036 = 0. What are the prime factors of y?
2, 37
Let x(r) = 1827*r**2 - 3*r + 1. List the prime factors of x(-4).
5, 5849
Suppose 14156 = h + 3*d, -79*h = -76*h + d - 42428. List the prime factors of h.
79, 179
Suppose -54*j + 1688589 = 2*j + 356461. What are the prime factors of j?
2, 19, 313
Let q = -41666 + 75862. List the prime factors of q.
2, 83, 103
Let w be 360 + -1 - (1 - 2). Let o be w/(-28)*280/(-15). List the prime factors of (3/(-2))/1 - o/(-32).
2, 3
Let z(i) = 2708*i**2 - 359*i + 19. List the prime factors of z(-3).
2, 6367
Suppose -3*l + 2 = 5. Let s be 11/33 + (-4)/3. What are the prime factors of (2 - (l - s))/((-90)/(-4005))?
89
Suppose -9*z - 29*z - 11286 = 0. Let f = z + 738. List the prime factors of f.
3, 7
Suppose 0 = 5*l - 0*l + p + 50, -4*p = -5*l - 25. Let w = -147 + l. Let r = -78 - w. What are the prime factors of r?
2, 3, 13
Suppose -9 = -8*u + 39. Suppose -2*z - 2*w + 12 = 0, u*z - 14 = 4*z - 3*w. Suppose 5*i = -z*d + 105, 2*i + 2*d + 29 = 71. List the prime factors of i.
3, 7
Let q(p) = p**2 + 25*p + 24. Let z be q(-24). Suppose -3*l + 3*t + 1224 = z, -4*l + 321 + 1309 = -3*t. List the prime factors of l.
2, 7, 29
Let d(c) = -671*c + 3387. What are the prime factors of d(-26)?
83, 251
Suppose 0 = -3*n - 9, -k + 8 - 3 = 5*n. Suppose -14*y + k*y - 714 = 0. What are the prime factors of y?
7, 17
Let i be 6/(-12)*6 - 7. List the prime factors of (-7344)/162*(1 - i/(-4)).
2, 17
Let k = 78380 - 37375. What are the prime factors of k?
5, 59, 139
Let x(d) = d**3 - 19*d**2. Let u be x(19). Suppose u = -2*p - 9 - 3. What are the prime factors of -43*6/(-3) - p/(-3)?
2, 3, 7
Suppose 40*d - 14 = 2*f + 38*d, -4*f - 2*d = 22. Let g(q) be the third derivative of -2*q**4/3 - q**3/6 + q**2. What are the prime factors of g(f)?
5, 19
Let u(o) = -235*o. Suppose 14 = -8*m - 2. Let v be u(m). Let n = -217 + v. What are the prime factors of n?
11, 23
Let p = -108 - -106. Let x(k) = k**2 + 4*k + 10. Let y be x(p). List the prime factors of 40 + -1*(y + -3).
37
Suppose 5*o + 11 - 1 = 0. Let c be o/(-6) + 90/54. Suppose -7*v + c*v + 125 = 0. List the prime factors of v.
5
Let u = 25140 + -13980. List the prime factors of u.
2, 3, 5, 31
Let g = 31167 - 17121. What are the prime factors of g?
2, 3, 2341
Let k be (3/3*-1 + -1)*-1. Suppose -2*v + 842 = 5*q, -3*v = 2*q + k*v - 341. Suppose -q = -13*r + 6*r. What are the prime factors of r?
2, 3
Let t be 39/26*(-8)/(-3). Let f(x) = -x. Let j(w) = -13*w. Let u(c) = t*j(c) + 12*f(c). List the prime factors of u(-1).
2
Suppose 3719 = -8*z - 2105. Let t = 1840 + z. What are the prime factors of t?
2, 139
Suppose -s + 2*d = -68, 42*s - d = 43*s - 83. List the prime factors of s.
2, 3, 13
Let v(j) = 20 + 3*j + 20 + 56. List the prime factors of v(12).
2, 3, 11
Suppose -186466 = -101*k - 19*k + 797294. What are the prime factors of k?
2, 4099
Let i(b) = -b**3 - 18*b**2 + 18*b + 16. Let o be i(-19). Suppose -4*n + 28 = 4*a, 2*n + 0*n = 5*a - o. What are the prime factors of ((-34)/1)/((-161)/21 + a)?
3, 17
Let w(n) = 31*n - 14. Let k be w(21). Suppose 731 + k = 8*r. List the prime factors of r.
3, 19
Let j(x) = 6*x - 61 + 11*x**2 - 28*x + 3*x - 4*x - 10*x**2. List the prime factors of j(44).
863
Suppose -24*y = -15*y - 45. Suppose 0 = -2*u - 1 + 5, 4*w + y*u - 3002 = 0. What are the prime factors of w?
2, 11, 17
Let k(n) = -53*n - 116. Let z be k(44). List the prime factors of ((120/(-9))/(-2))/((-16)/z).
2, 3, 5, 17
List the prime factors of ((-4282029)/(-955))/(9/120).
2, 3, 47, 53
Let z(k) = -k**3 + 3*k**2 + 4*k - 12. Let u be z(3). Suppose -5*y + 1765 + 1525 = u. List the prime factors of y.
2, 7, 47
Let a = -8 + -36. Let h be (-4)/(-18) + (-22925)/(-315). Let x = a + h. What are the prime factors of x?
29
Let h be ((-4)/10)/(-1)*40. Let m(f) = -f**2 - 9*f + 112. Let q be m(7). Suppose 15*b - 17*b + h = q. List the prime factors of b.
2
Let b(f) = f**3 - 41*f**2 + 38*f - 16. Let m be b(40). Let k(l) = l + 12. Let i be k(-6). Let a = i - m. List the prime factors of a.
2, 3, 17
Suppose 12*d - 1503 = 15*d. Let k = d - -538. List the prime factors of k.
37
Suppose 16 = d + 4. Suppose d = -2*f - 0. Let t = 178 - f. List the prime factors of t.
2, 23
Suppose -24*b - 227 = -299. Suppose l - 130 = -l - 2*f, 223 = 3*l - 4*f. Suppose b*d = 204 - l. What are the prime factors of d?
3, 5
Let b(a) = 2*a**2 + 4*a + 2. Let v be b(-3). Let f = v - 6. What are the prime factors of -2 - -67 - -2*f?
3, 23
Let r(c) = c**3 - 41*c**2 + 3*c + 16. Suppose 82 = 16*q - 14*q. What are the prime factors of r(q)?
139
Let f(v) be the second derivative of 4*v**3 + 171*v**2/2 + 133*v. What are the prime factors of f(33)?
3, 107
Suppose 179776 = -7415*f + 7419*f. What are the prime factors of f?
2, 53
Suppose -11*q + 18*q = 21. Let s = 63 - 38. Suppose q*z - 74 = s. List the prime factors of z.
3, 11
Suppose -73*g = -49*g. Suppose g = -2*f - 189 + 533. List the prime factors of f.
2, 43
Let c = -861 - -1212. Let v = 600 + c. List the prime factors of v.
3, 317
Suppose 5*u = -b + 17328, 12*b - 9*b = -3*u + 52068. What are the prime factors of b?
97, 179
Suppose k = x + 110, -x - 2*k - 3*k = 116. Let a = -279 - -94. Let b = x - a. What are the prime factors of b?
2, 37
Let d = -32 + 32. Suppose 3*p + 3*u - 18 = d, 5*p = 5*u - 0*u + 20. What are the prime factors of p - -2*(-3)/3?
3
Suppose 171*v + 201177 = 5*l + 170*v, 0 = 4*l - 2*v - 160950. List the prime factors of l.
2, 20117
Let r(k) be the third derivative of k**5/6 + k**4/12 - 5*k**3/6 + 2*k**2. Let h be (11 + -9)*(5 + -1) + -12. List the prime factors of r(h).
3, 7
Let o(f) = f - 3. Suppose -2*k - 7*k = -72. Let i be o(k). List the prime factors of ((-5)/(-10) - i)*-14.
3, 7
Let i(m) = 3*m**2 + 25*m + 71. Let x be i(-14). Let c = -136 + x. List the prime factors of c.
173
Suppose -2375346 - 1733247 = -117*g - 336630. List the prime factors of g.
103, 313
Let o be ((-16)/(-8) + -49)*1. Let l = 156 + o. List the prime factors of l.
109
Let z = 28340 - 16516. What are the prime factors of z?
2, 739
Let r = -177385 - -260883. What are the prime factors of r?
2, 83, 503
Let j(v) = 24*v**2 - 39*v + 423. What are the prime factors of j(13)?
2, 3, 331
Suppose 3*n - 4 = 2, -3*n = 2*k - 2706. Let d = 1950 - k. What are the prime factors of d?
2, 3, 5
Suppose -12*c = 3*c - 78870. What are the prime factors of c?
2, 11, 239
Let a = -23 + -187. Let f = 297 - a. List the prime factors of f.
3, 13
Let b(s) = -52*s**3 - 4*s**2 - 23*s - 33. List the prime factors of b(-4).
3323
Let s = 62 - 68. Let m(f) be the second derivative of -6*f**3 - 57*f**2/2 - 7*f. List the prime factors of m(s).
3, 53
Let a = 1938 - 1362. List the prime factors of a.
2, 3
Suppose -4*g + 448*y = 450*y - 182390, -8*g + 5*y + 364717 = 0. What are the prime factors of g?
2, 3, 17, 149
Let n(w) = 1312*w**2 + 80*w + 213. What are the prime factors of n(-6)?
3, 5, 31, 101
Suppose 0 = -2*f - 16 + 66. Suppose 3697*j + f = 3698*j. What are the prime factors of j?
5
Let l be -1 + 617 - (-1 + (0 - 0)). Let k = 18 + l. What are the prime factors of k?
5, 127
Suppose 0 = 37*f + 18*f - 1668755. List the prime factors of f.
30341
Let w = 4359 - 243. Suppose -3*b + 5*d + 3087 = 0, -b - 2*d - w = -5*b. List the prime factors of b.
3, 7
Let k(v) = 38*v**2 - 200*v - 12. List the prime factors of k(-17).
2, 3, 5, 479
Let t = -1316 - -940. Let d = t + 800. What are the prime factors of d?
2, 53
What are the prime factors of (-26)/104 - 1303932/(-48)?
3, 5, 1811
Let l be 0 + (-3)/15*-35. Let n(p) = 27*p - 32. Let x(q) = 13*q - 16. Let d(u) = -6*n(u) + 13*x(u). What are the prime factors of d(l)?
3, 11
Suppose -175*o + 176*o = -1281. Let t = -537 - o. What are the prime factors of t?
2, 3, 31
Suppose 108*k - 5*b = 109*k - 10281, 0 = 5*k - 3*b - 51237. List the prime factors of k.
3, 17, 67
Let q(y) = 969*y + 45596. What are the prime factors of q(0)?
2, 11399
Let u(t) = -t**3 - 9*t**2 - 15*t + 8. Let j be u(-8). Let m be j/24*(-6)/4. What are the prime factors of (39/(-6) + m)*-14 + 4?
151
Let k(b) = -2839*b + 118. What are the prime factors of k(-7)?
19991
Suppose 28*f - 68*f + 50850 = -35*f. What are the prime factors of f?
2, 3, 5, 113
Let j(t) = -5*t**2 + 379